{"id":6913,"date":"2023-04-04T20:33:58","date_gmt":"2023-04-04T23:33:58","guid":{"rendered":"https:\/\/domdacriacao.com.br\/datapay_manual\/?page_id=6913"},"modified":"2024-04-28T21:07:37","modified_gmt":"2024-04-29T00:07:37","slug":"anexos-tabelas-de-apoio","status":"publish","type":"page","link":"https:\/\/ajuda.datapaytecnologia.com.br\/conciliador\/anexos-tabelas-de-apoio\/","title":{"rendered":"Anexos &#8211; Tabelas de Apoio"},"content":{"rendered":"<div class=\"wpb-content-wrapper\"><p>[vc_row row_content_width=&#8221;grid&#8221; row_btt_skin=&#8221;light&#8221; row_background_text_position=&#8221;front&#8221; css=&#8221;.vc_custom_1680467619668{padding-top: 130px !important;padding-bottom: 130px !important;}&#8221;][vc_column]<div class=\"mkdf-accordion-holder mkdf-ac-default  mkdf-accordion mkdf-ac-boxed mkdf-white-skin   clearfix\">\n\t<h3 class=\"mkdf-accordion-title\" >\n    <span class=\"mkdf-tab-title\">Descri\u00e7\u00e3o dos objetos utilizados<\/span>\n    <span class=\"mkdf-accordion-mark\">\n\t\t<span class=\"mkdf_icon_plus icon_plus\"><\/span>\n\t\t<span class=\"mkdf_icon_minus icon_minus-06\"><\/span>\n\t<\/span>\n<\/h3>\n<div class=\"mkdf-accordion-content\">\n\t<div class=\"mkdf-accordion-content-inner\">\n\t\t[vc_empty_space][vc_toggle title=&#8221;Tabela I &#8211; Adquirentes&#8221;]<\/p>\n<p id=\"header-tabela-i-\u2013-adquirentes\"><strong>Tabela I \u2013 Adquirentes<\/strong><\/p>\n<table>\n<thead>\n<tr>\n<th>C\u00f3digo<\/th>\n<th>Descri\u00e7\u00e3o<\/th>\n<\/tr>\n<\/thead>\n<tbody>\n<tr>\n<td>1<\/td>\n<td>Amex<\/td>\n<\/tr>\n<tr>\n<td>2<\/td>\n<td>Vero<\/td>\n<\/tr>\n<tr>\n<td>3<\/td>\n<td>Cielo<\/td>\n<\/tr>\n<tr>\n<td>4<\/td>\n<td>Credishop<\/td>\n<\/tr>\n<tr>\n<td>5<\/td>\n<td>Elavon<\/td>\n<\/tr>\n<tr>\n<td>6<\/td>\n<td>Getnet<\/td>\n<\/tr>\n<tr>\n<td>7<\/td>\n<td>Globalpayments<\/td>\n<\/tr>\n<tr>\n<td>8<\/td>\n<td>Rede<\/td>\n<\/tr>\n<tr>\n<td>9<\/td>\n<td>Valecard<\/td>\n<\/tr>\n<tr>\n<td>10<\/td>\n<td>Policard<\/td>\n<\/tr>\n<tr>\n<td>11<\/td>\n<td>Nutricash<\/td>\n<\/tr>\n<tr>\n<td>12<\/td>\n<td>Goodcard<\/td>\n<\/tr>\n<tr>\n<td>13<\/td>\n<td>Stone<\/td>\n<\/tr>\n<tr>\n<td>14<\/td>\n<td>Banesecard<\/td>\n<\/tr>\n<tr>\n<td>15<\/td>\n<td>Avancard<\/td>\n<\/tr>\n<tr>\n<td>16<\/td>\n<td>DaCasa<\/td>\n<\/tr>\n<tr>\n<td>17<\/td>\n<td>FortBrasil<\/td>\n<\/tr>\n<tr>\n<td>18<\/td>\n<td>TriCard<\/td>\n<\/tr>\n<tr>\n<td>19<\/td>\n<td>CooperCred<\/td>\n<\/tr>\n<tr>\n<td>20<\/td>\n<td>Banpara<\/td>\n<\/tr>\n<tr>\n<td>21<\/td>\n<td>Banestes<\/td>\n<\/tr>\n<tr>\n<td>23<\/td>\n<td>Bin<\/td>\n<\/tr>\n<tr>\n<td>24<\/td>\n<td>FanCard<\/td>\n<\/tr>\n<tr>\n<td>25<\/td>\n<td>Senff<\/td>\n<\/tr>\n<tr>\n<td>26<\/td>\n<td>Safrapay<\/td>\n<\/tr>\n<tr>\n<td>29<\/td>\n<td>Sodexo<\/td>\n<\/tr>\n<tr>\n<td>30<\/td>\n<td>Ticket<\/td>\n<\/tr>\n<tr>\n<td>31<\/td>\n<td>VR<\/td>\n<\/tr>\n<tr>\n<td>32<\/td>\n<td>Greencard<\/td>\n<\/tr>\n<tr>\n<td>33<\/td>\n<td>Libercard<\/td>\n<\/tr>\n<\/tbody>\n<\/table>\n<p>[\/vc_toggle][vc_empty_space height=&#8221;10px&#8221;][vc_toggle title=&#8221;Tabela II &#8211; Tipos de Captura&#8221;]<\/p>\n<p id=\"header-tabela-ii-tipos-de-captura\"><strong>Tabela II &#8211; Tipos de Captura<\/strong><\/p>\n<table>\n<thead>\n<tr>\n<th>C\u00f3digo<\/th>\n<th>Descri\u00e7\u00e3o<\/th>\n<\/tr>\n<\/thead>\n<tbody>\n<tr>\n<td>1<\/td>\n<td>POS<\/td>\n<\/tr>\n<tr>\n<td>2<\/td>\n<td>TEF<\/td>\n<\/tr>\n<tr>\n<td>3<\/td>\n<td>E-Commerce<\/td>\n<\/tr>\n<tr>\n<td>4<\/td>\n<td>EDI<\/td>\n<\/tr>\n<tr>\n<td>5<\/td>\n<td>Manual<\/td>\n<\/tr>\n<tr>\n<td>6<\/td>\n<td>ADP\/BSP<\/td>\n<\/tr>\n<tr>\n<td>7<\/td>\n<td>URA \/CVA<\/td>\n<\/tr>\n<tr>\n<td>8<\/td>\n<td>Mobile<\/td>\n<\/tr>\n<tr>\n<td>9<\/td>\n<td>TO<\/td>\n<\/tr>\n<tr>\n<td>10<\/td>\n<td>Leitor de trilhas<\/td>\n<\/tr>\n<\/tbody>\n<\/table>\n<p>[\/vc_toggle][vc_empty_space height=&#8221;10px&#8221;][vc_toggle title=&#8221;Tabela III &#8211; Bandeiras&#8221;]<\/p>\n<p id=\"header-tabela-iii-\u2013-bandeiras\"><strong>Tabela III \u2013 Bandeiras<\/strong><\/p>\n<table>\n<thead>\n<tr>\n<th>C\u00f3digo<\/th>\n<th>Descri\u00e7\u00e3o<\/th>\n<\/tr>\n<\/thead>\n<tbody>\n<tr>\n<td>1<\/td>\n<td>Agiplan<\/td>\n<\/tr>\n<tr>\n<td>2<\/td>\n<td>Agro<\/td>\n<\/tr>\n<tr>\n<td>3<\/td>\n<td>Avista<\/td>\n<\/tr>\n<tr>\n<td>4<\/td>\n<td>Banese<\/td>\n<\/tr>\n<tr>\n<td>5<\/td>\n<td>Cabal<\/td>\n<\/tr>\n<tr>\n<td>6<\/td>\n<td>Credsystem<\/td>\n<\/tr>\n<tr>\n<td>7<\/td>\n<td>Credz<\/td>\n<\/tr>\n<tr>\n<td>8<\/td>\n<td>Cup<\/td>\n<\/tr>\n<tr>\n<td>9<\/td>\n<td>Diners Club<\/td>\n<\/tr>\n<tr>\n<td>10<\/td>\n<td>Discover<\/td>\n<\/tr>\n<tr>\n<td>11<\/td>\n<td>Elo<\/td>\n<\/tr>\n<tr>\n<td>12<\/td>\n<td>Esplanada<\/td>\n<\/tr>\n<tr>\n<td>13<\/td>\n<td>Fco<\/td>\n<\/tr>\n<tr>\n<td>14<\/td>\n<td>Hiper<\/td>\n<\/tr>\n<tr>\n<td>15<\/td>\n<td>Hipercard<\/td>\n<\/tr>\n<tr>\n<td>17<\/td>\n<td>Jcb<\/td>\n<\/tr>\n<tr>\n<td>18<\/td>\n<td>Mastercard<\/td>\n<\/tr>\n<tr>\n<td>19<\/td>\n<td>Sicredi<\/td>\n<\/tr>\n<tr>\n<td>20<\/td>\n<td>Sorocred<\/td>\n<\/tr>\n<tr>\n<td>21<\/td>\n<td>Visa<\/td>\n<\/tr>\n<tr>\n<td>22<\/td>\n<td>Banesecard<\/td>\n<\/tr>\n<tr>\n<td>23<\/td>\n<td>Amex<\/td>\n<\/tr>\n<tr>\n<td>24<\/td>\n<td>Valecard<\/td>\n<\/tr>\n<tr>\n<td>25<\/td>\n<td>Banescard<\/td>\n<\/tr>\n<tr>\n<td>26<\/td>\n<td>FortBrasil<\/td>\n<\/tr>\n<tr>\n<td>27<\/td>\n<td>Banestes<\/td>\n<\/tr>\n<tr>\n<td>28<\/td>\n<td>CrediShop<\/td>\n<\/tr>\n<tr>\n<td>29<\/td>\n<td>DaCasa<\/td>\n<\/tr>\n<tr>\n<td>30<\/td>\n<td>CooperCard<\/td>\n<\/tr>\n<tr>\n<td>31<\/td>\n<td>Tricard<\/td>\n<\/tr>\n<tr>\n<td>32<\/td>\n<td>Safrapay<\/td>\n<\/tr>\n<tr>\n<td>33<\/td>\n<td>Sodexo<\/td>\n<\/tr>\n<tr>\n<td>34<\/td>\n<td>Ticket<\/td>\n<\/tr>\n<tr>\n<td>36<\/td>\n<td>VR<\/td>\n<\/tr>\n<tr>\n<td>37<\/td>\n<td>Banpar\u00e1<\/td>\n<\/tr>\n<tr>\n<td>38<\/td>\n<td>GreenCard<\/td>\n<\/tr>\n<tr>\n<td>39<\/td>\n<td>Avancard<\/td>\n<\/tr>\n<tr>\n<td>40<\/td>\n<td>Vero<\/td>\n<\/tr>\n<tr>\n<td>41<\/td>\n<td>Verde Card<\/td>\n<\/tr>\n<tr>\n<td>42<\/td>\n<td>Libercard<\/td>\n<\/tr>\n<\/tbody>\n<\/table>\n<p>[\/vc_toggle][vc_empty_space height=&#8221;10px&#8221;][vc_toggle title=&#8221;Tabela IV &#8211; Status de Parcelas&#8221;]<\/p>\n<p id=\"header-tabela-iv-\u2013-status-de-parcelas\"><strong>Tabela IV \u2013 Status de parcelas<\/strong><\/p>\n<table>\n<thead>\n<tr>\n<th>C\u00f3digo<\/th>\n<th>Descri\u00e7\u00e3o<\/th>\n<\/tr>\n<\/thead>\n<tbody>\n<tr>\n<td>1<\/td>\n<td>Prevista<\/td>\n<\/tr>\n<tr>\n<td>2<\/td>\n<td>Liquidada<\/td>\n<\/tr>\n<tr>\n<td>3<\/td>\n<td>Cancelada loja<\/td>\n<\/tr>\n<tr>\n<td>4<\/td>\n<td>Cancelada cliente<\/td>\n<\/tr>\n<tr>\n<td>5<\/td>\n<td>Antecip. Normal<\/td>\n<\/tr>\n<tr>\n<td>6<\/td>\n<td>Contestada<\/td>\n<\/tr>\n<tr>\n<td>7<\/td>\n<td>Antecip. Automatica<\/td>\n<\/tr>\n<tr>\n<td>8<\/td>\n<td>Conectividade PIN\/POS<\/td>\n<\/tr>\n<tr>\n<td>11<\/td>\n<td>Cess\u00e3o<\/td>\n<\/tr>\n<tr>\n<td>12<\/td>\n<td>Gravame<\/td>\n<\/tr>\n<tr>\n<td>13<\/td>\n<td>Penhora<\/td>\n<\/tr>\n<tr>\n<td>14<\/td>\n<td>Suspenso<\/td>\n<\/tr>\n<\/tbody>\n<\/table>\n<p>[\/vc_toggle][vc_empty_space height=&#8221;10px&#8221;][vc_toggle title=&#8221;Tabela V &#8211; Natureza&#8221;]<\/p>\n<p id=\"header-tabela-v-natureza\"><strong>Tabela V &#8211; Natureza<\/strong><\/p>\n<table>\n<thead>\n<tr>\n<th>C\u00f3digo<\/th>\n<th>Descri\u00e7\u00e3o<\/th>\n<\/tr>\n<\/thead>\n<tbody>\n<tr>\n<td>1<\/td>\n<td>Debito<\/td>\n<\/tr>\n<tr>\n<td>2<\/td>\n<td>Credito<\/td>\n<\/tr>\n<tr>\n<td>3<\/td>\n<td>Ajuste<\/td>\n<\/tr>\n<tr>\n<td>4<\/td>\n<td>Conectividade<\/td>\n<\/tr>\n<tr>\n<td>5<\/td>\n<td>Voucher<\/td>\n<\/tr>\n<\/tbody>\n<\/table>\n<p>[\/vc_toggle][vc_empty_space height=&#8221;10px&#8221;][vc_toggle title=&#8221;Tabela VI &#8211; C\u00f3digos de retorno de requisi\u00e7\u00e3o&#8221;]<\/p>\n<p id=\"header-tabela-vi-c\u00f3digos-de-retorno-de-requisi\u00e7\u00e3o\"><strong>Tabela VI &#8211; C\u00f3digos de retorno de requisi\u00e7\u00e3o<\/strong><\/p>\n<table>\n<thead>\n<tr>\n<th>C\u00f3digo<\/th>\n<th>Tipo<\/th>\n<th>Descri\u00e7\u00e3o<\/th>\n<\/tr>\n<\/thead>\n<tbody>\n<tr>\n<td>MSG_001<\/td>\n<td>Info<\/td>\n<td>Resquisicao atendida com sucesso.<\/td>\n<\/tr>\n<tr>\n<td>ERR_001<\/td>\n<td>Erro<\/td>\n<td>Erro inesperado, no momento de registrar a requisicao no banco de dados<\/td>\n<\/tr>\n<tr>\n<td>ERR_002<\/td>\n<td>Erro<\/td>\n<td>Erro inesperado, Tipo de entrada invalido.<\/td>\n<\/tr>\n<tr>\n<td>ERR_003<\/td>\n<td>Erro<\/td>\n<td>Erro inesperado na validacao do token. {0}<\/td>\n<\/tr>\n<tr>\n<td>ERR_004<\/td>\n<td>Erro<\/td>\n<td>Erro inesperado na consulta de requisicao. {0}<\/td>\n<\/tr>\n<tr>\n<td>ERR_005<\/td>\n<td>Erro<\/td>\n<td>Erro inesperado na obtencao dos filtros originais da consulta<\/td>\n<\/tr>\n<tr>\n<td>ERR_006<\/td>\n<td>Erro<\/td>\n<td>Erros nos filtros da requisicao original: {0}. {1}<\/td>\n<\/tr>\n<tr>\n<td>ERR_007<\/td>\n<td>Erro<\/td>\n<td>Erro inesperado na contagem do N\u00famero de paginas<\/td>\n<\/tr>\n<tr>\n<td>ERR_008<\/td>\n<td>Erro<\/td>\n<td>Erro inesperado na consulta de venda da administradora<\/td>\n<\/tr>\n<tr>\n<td>ERR_009<\/td>\n<td>Erro<\/td>\n<td>Erro inesperado na consulta das parcelas da venda<\/td>\n<\/tr>\n<tr>\n<td>ERR_999<\/td>\n<td>Erro<\/td>\n<td>Erro inesperado. {0}<\/td>\n<\/tr>\n<tr>\n<td>NGC_001<\/td>\n<td>Neg\u00f3cio<\/td>\n<td>Vers\u00e3o inv\u00e1lida<\/td>\n<\/tr>\n<tr>\n<td>NGC_002<\/td>\n<td>Neg\u00f3cio<\/td>\n<td>Token invalido<\/td>\n<\/tr>\n<tr>\n<td>NGC_003<\/td>\n<td>Neg\u00f3cio<\/td>\n<td>N\u00famero da p\u00e1gina \u00e9 obrigat\u00f3rio quando se informa o c\u00f3digo da requisi\u00e7\u00e3o<\/td>\n<\/tr>\n<tr>\n<td>NGC_004<\/td>\n<td>Neg\u00f3cio<\/td>\n<td>Um dos per\u00edodos \u00e9 obrigat\u00f3rio: cancelamento, inclus\u00e3o, pagamento, cr\u00e9dito ou venda<\/td>\n<\/tr>\n<tr>\n<td>NGC_005<\/td>\n<td>Neg\u00f3cio<\/td>\n<td>Codigo de requisicao: {0} inexistente para o cliente: {1}<\/td>\n<\/tr>\n<tr>\n<td>NGC_006<\/td>\n<td>Neg\u00f3cio<\/td>\n<td>O campo nrVendas \u00e9 obrigatorio<\/td>\n<\/tr>\n<tr>\n<td>NGC_007<\/td>\n<td>Neg\u00f3cio<\/td>\n<td>O campo totalVendas \u00e9 obrigatorio<\/td>\n<\/tr>\n<tr>\n<td>NGC_008<\/td>\n<td>Neg\u00f3cio<\/td>\n<td>A lista de vendas \u00e9 obrigatorio<\/td>\n<\/tr>\n<tr>\n<td>NGC_009<\/td>\n<td>Neg\u00f3cio<\/td>\n<td>O N\u00famero de vendas informado difere do N\u00famero de registros da lista de vendas<\/td>\n<\/tr>\n<tr>\n<td>NGC_010<\/td>\n<td>Neg\u00f3cio<\/td>\n<td>O total de vendas informado difere da soma de registros da lista de vendas<\/td>\n<\/tr>\n<tr>\n<td>NGC_011<\/td>\n<td>Neg\u00f3cio<\/td>\n<td>Campo data \u00e9 obrigatorio. Venda da posicao: {0}<\/td>\n<\/tr>\n<tr>\n<td>NGC_012<\/td>\n<td>Neg\u00f3cio<\/td>\n<td>Campo valor \u00e9 obrigatorio. Venda da posicao: {0}<\/td>\n<\/tr>\n<tr>\n<td>NGC_014<\/td>\n<td>Neg\u00f3cio<\/td>\n<td>Campo nrParcelas \u00e9 obrigatorio. Venda da posicao: {0}<\/td>\n<\/tr>\n<tr>\n<td>NGC_016<\/td>\n<td>Neg\u00f3cio<\/td>\n<td>O N\u00famero de parcelas informado difere do N\u00famero de registros da lista de parcelas. Venda da posicao: {0}<\/td>\n<\/tr>\n<tr>\n<td>NGC_017<\/td>\n<td>Neg\u00f3cio<\/td>\n<td>Campo N\u00famero \u00e9 obrigatorio. Venda da posicao {0} parcela de posicao: {1}<\/td>\n<\/tr>\n<tr>\n<td>NGC_018<\/td>\n<td>Neg\u00f3cio<\/td>\n<td>Campo valor \u00e9 obrigatorio. Venda da posicao: {0} parcela de posicao: {1}<\/td>\n<\/tr>\n<tr>\n<td>NGC_019<\/td>\n<td>Neg\u00f3cio<\/td>\n<td>O valor da venda informado difere do valor da soma das parcelas. Venda da posicao: {0}<\/td>\n<\/tr>\n<tr>\n<td>NGC_020<\/td>\n<td>Neg\u00f3cio<\/td>\n<td>O campo forma de captura deve ser igual a P (POS) ou T (TEF). Venda da posicao: {0}<\/td>\n<\/tr>\n<tr>\n<td>NGC_021<\/td>\n<td>Neg\u00f3cio<\/td>\n<td>O campo Nsu de Origem \u00e9 obrigat\u00f3rio<\/td>\n<\/tr>\n<tr>\n<td>NGC_022<\/td>\n<td>Neg\u00f3cio<\/td>\n<td>N\u00e3o foi encontrada nenhuma venda com o nsuOrigem, data e valor passados<\/td>\n<\/tr>\n<tr>\n<td>NGC_023<\/td>\n<td>Neg\u00f3cio<\/td>\n<td>A data inicial e final s\u00e3o obrigat\u00f3rias<\/td>\n<\/tr>\n<tr>\n<td>NGC_024<\/td>\n<td>Neg\u00f3cio<\/td>\n<td>O campo chave de detalhe do extrato \u00e9 inv\u00e1lido<\/td>\n<\/tr>\n<\/tbody>\n<\/table>\n<p>[\/vc_toggle][vc_empty_space height=&#8221;10px&#8221;][vc_toggle title=&#8221;Tabela VII &#8211; C\u00f3digos dos Produtos&#8221;]<\/p>\n<p id=\"header-tabela-vii-c\u00f3digos-dos-produtos\"><strong>Tabela VII &#8211; C\u00f3digos dos Produtos<\/strong><\/p>\n<table style=\"height: 24px;\" width=\"252\">\n<thead>\n<tr>\n<th>C\u00f3digo<\/th>\n<th>Tipo<\/th>\n<th>Descri\u00e7\u00e3o<\/th>\n<\/tr>\n<\/thead>\n<\/table>\n<p>&nbsp;<\/p>\n<p id=\"header-orienta\u00e7\u00f5es-sobre-a-submiss\u00e3o-do-lote-de-vendas\"><strong>Orienta\u00e7\u00f5es sobre a submiss\u00e3o do lote de vendas<\/strong><\/p>\n<p>Caso alguma venda no lote esteja com algum campo null ou n\u00e3o mapeado de acordo com o depara o lote vai ser rejeitado , assim como deve conter o cabe\u00e7alho informando o c\u00f3digo do cliente caso n\u00e3o exista o cabe\u00e7alho o lote tamb\u00e9m ser\u00e1 rejeitado<\/p>\n<p>\u00c9 importante ressaltar em enviar apenas vendas saud\u00e1veis para o lote n\u00e3o ser rejeitado , A pr\u00e1tica correta \u00e9 antes de submeter o lote validar todas as vendas se existe algum campo null ou n\u00e3o mapeado de acordo com os deparas<\/p>\n<p>Para demais d\u00favidas entra em contato com o time da Data Pay Tecnologia.<\/p>\n<h4 id=\"header-status-http\">Status Http<\/h4>\n<p>O c\u00f3digo de retorno http status 400 tamb\u00e9m deve ser considerado onde pode existe algum campo no lote com vari\u00e1veis null ou seja rejeitando o lote de venda.[\/vc_toggle]\t<\/div>\n<\/div><\/div>[\/vc_column][\/vc_row]<\/p>\n<\/div>","protected":false},"excerpt":{"rendered":"<p>[vc_row row_content_width=&#8221;grid&#8221; row_btt_skin=&#8221;light&#8221; row_background_text_position=&#8221;front&#8221; css=&#8221;.vc_custom_1680467619668{padding-top: 130px !important;padding-bottom: 130px !important;}&#8221;][vc_column][\/vc_column][\/vc_row]<\/p>\n","protected":false},"author":1,"featured_media":0,"parent":0,"menu_order":0,"comment_status":"closed","ping_status":"closed","template":"","meta":{"footnotes":""},"class_list":["post-6913","page","type-page","status-publish","hentry"],"_links":{"self":[{"href":"https:\/\/ajuda.datapaytecnologia.com.br\/conciliador\/wp-json\/wp\/v2\/pages\/6913","targetHints":{"allow":["GET"]}}],"collection":[{"href":"https:\/\/ajuda.datapaytecnologia.com.br\/conciliador\/wp-json\/wp\/v2\/pages"}],"about":[{"href":"https:\/\/ajuda.datapaytecnologia.com.br\/conciliador\/wp-json\/wp\/v2\/types\/page"}],"author":[{"embeddable":true,"href":"https:\/\/ajuda.datapaytecnologia.com.br\/conciliador\/wp-json\/wp\/v2\/users\/1"}],"replies":[{"embeddable":true,"href":"https:\/\/ajuda.datapaytecnologia.com.br\/conciliador\/wp-json\/wp\/v2\/comments?post=6913"}],"version-history":[{"count":5,"href":"https:\/\/ajuda.datapaytecnologia.com.br\/conciliador\/wp-json\/wp\/v2\/pages\/6913\/revisions"}],"predecessor-version":[{"id":6923,"href":"https:\/\/ajuda.datapaytecnologia.com.br\/conciliador\/wp-json\/wp\/v2\/pages\/6913\/revisions\/6923"}],"wp:attachment":[{"href":"https:\/\/ajuda.datapaytecnologia.com.br\/conciliador\/wp-json\/wp\/v2\/media?parent=6913"}],"curies":[{"name":"wp","href":"https:\/\/api.w.org\/{rel}","templated":true}]}}